ulate the remainder when 103 is divided by 29.
16
What is the remainder when 1210 is divided by 19?
13
Calculate the remainder when 3238 is divided by 539.
4
What is the remainder when 429 is divided by 18?
15
What is the remainder when 535 is divided by 89?
1
What is the remainder when 400 is divided by 137?
126
What is the remainder when 3469 is divided by 1137?
58
What is the remainder when 1716 is divided by 142?
12
Calculate the remainder when 99 is divided by 22.
11
What is the remainder when 3899 is divided by 20?
19
Calculate the remainder when 9725 is divided by 23.
19
What is the remainder when 159 is divided by 78?
3
Calculate the remainder when 1419 is divided by 89.
84
Calculate the remainder when 305 is divided by 13.
6
Calculate the remainder when 419 is divided by 142.
135
What is the remainder when 242 is divided by 81?
80
What is the remainder when 463 is divided by 115?
3
Calculate the remainder when 560 is divided by 183.
11
What is the remainder when 1039 is divided by 27?
13
Calculate the remainder when 66 is divided by 62.
4
What is the remainder when 1652 is divided by 21?
14
Calculate the remainder when 340 is divided by 70.
60
What is the remainder when 4728 is divided by 1575?
3
Calculate the remainder when 939 is divided by 104.
3
Calculate the remainder when 82 is divided by 44.
38
Calculate the remainder when 1413 is divided by 118.
115
What is the remainder when 152 is divided by 29?
7
Calculate the remainder when 19863 is divided by 21.
18
What is the remainder when 11855 is divided by 57?
56
Calculate the remainder when 2937 is divided by 113.
112
Calculate the remainder when 1799 is divided by 138.
5
Calculate the remainder when 1187 is divided by 101.
76
Calculate the remainder when 970 is divided by 140.
130
What is the remainder when 672 is divided by 120?
72
Calculate the remainder when 305 is divided by 122.
61
What is the remainder when 55 is divided by 11?
0
What is the remainder when 1104 is divided by 5?
4
Calculate the remainder when 1799 is divided by 25.
24
Calculate the remainder when 5121 is divided by 222.
15
Calculate the remainder when 837 is divided by 283.
271
What is the remainder when 946 is divided by 432?
82
Calculate the remainder when 624 is divided by 30.
24
What is the remainder when 1576 is divided by 21?
1
Calculate the remainder when 437 is divided by 35.
17
What is the remainder when 1611 is divided by 33?
27
What is the remainder when 523 is divided by 206?
111
Calculate the remainder when 428 is divided by 12.
8
What is the remainder when 1542 is divided by 125?
42
What is the remainder when 592 is divided by 554?
38
What is the remainder when 18 is divided by 17?
1
What is the remainder when 166 is divided by 153?
13
What is the remainder when 40 is divided by 19?
2
What is the remainder when 92 is divided by 36?
20
Calculate the remainder when 94 is divided by 40.
14
What is the remainder when 154 is divided by 51?
1
What is the remainder when 300 is divided by 150?
0
Calculate the remainder when 26 is divided by 25.
1
Calculate the remainder when 1051 is divided by 11.
6
What is the remainder when 178 is divided by 5?
3
Calculate the remainder when 71 is divided by 29.
13
Calculate the remainder when 874 is divided by 265.
79
What is the remainder when 726 is divided by 14?
12
What is the remainder when 28173 is divided by 5?
3
Calculate the remainder when 3595 is divided by 16.
11
Calculate the remainder when 21 is divided by 1.
0
What is the remainder when 73 is divided by 39?
34
What is the remainder when 55 is divided by 22?
11
Calculate the remainder when 4906 is divided by 4903.
3
What is the remainder when 125 is divided by 63?
62
What is the remainder when 797 is divided by 395?
7
Calculate the remainder when 718 is divided by 47.
13
What is the remainder when 211 is divided by 37?
26
What is the remainder when 5757 is divided by 80?
77
What is the remainder when 8344 is divided by 185?
19
What is the remainder when 261 is divided by 19?
14
What is the remainder when 300 is divided by 19?
15
Calculate the remainder when 1079 is divided by 24.
23
What is the remainder when 65 is divided by 6?
5
What is the remainder when 251 is divided by 50?
1
Calculate the remainder when 39 is divided by 8.
7
What is the remainder when 1672 is divided by 3?
1
Calculate the remainder when 35 is divided by 22.
13
Calculate the remainder when 113 is divided by 27.
5
Calculate the remainder when 74 is divided by 16.
10
What is the remainder when 211 is divided by 49?
15
Calculate the remainder when 227 is divided by 4.
3
Calculate the remainder when 2104 is divided by 49.
46
Calculate the remainder when 81 is divided by 28.
25
Calculate the remainder when 2689 is divided by 82.
65
Calculate the remainder when 148 is divided by 58.
32
What is the remainder when 70 is divided by 38?
32
Calculate the remainder when 416 is divided by 143.
130
Calculate the remainder when 248 is divided by 28.
24
What is the remainder when 424 is divided by 25?
24
Calculate the remainder when 10349 is divided by 23.
22
Calculate the remainder when 147 is divided by 28.
7
What is the remainder when 138 is divided by 128?
10
What is the remainder when 911 is divided by 190?
151
Calculate the remainder when 550 is divided by 190.
170
What is the remainder when 137 is divided by 133?
4
What is the remainder when 221 is divided by 6?
5
What is the remainder when 293 is divided by 59?
57
What is the remainder when 446 is divided by 130?
56
Calculate the remainder when 166 is divided by 42.
40
Calculate the remainder when 2810 is divided by 138.
50
Calculate the remainder when 1593 is divided by 12.
9
What is the remainder when 16948 is divided by 113?
111
Calculate the remainder when 4415 is divided by 20.
15
Calculate the remainder when 113 is divided by 14.
1
Calculate the remainder when 134 is divided by 15.
14
What is the remainder when 199 is divided by 10?
9
What is the remainder when 859 is divided by 41?
39
What is the remainder when 305 is divided by 18?
17
Calculate the remainder when 245 is divided by 71.
32
What is the remainder when 40105 is divided by 29?
27
Calculate the remainder when 59 is divided by 43.
16
Calculate the remainder when 72 is divided by 17.
4
Calculate the remainder when 5253 is divided by 146.
143
Calculate the remainder when 28 is divided by 5.
3
Calculate the remainder when 252 is divided by 23.
22
Calculate the remainder when 40 is divided by 15.
10
Calculate the remainder when 123 is divided by 22.
13
Calculate the remainder when 951 is divided by 57.
39
Calculate the remainder when 545 is divided by 114.
89
What is the remainder when 3064 is divided by 37?
30
Calculate the remainder when 32230 is divided by 6.
4
What is the remainder when 197 is divided by 22?
21
Calculate the remainder when 236 is divided by 31.
19
What is the remainder when 176 is divided by 37?
28
Calculate the remainder when 57 is divided by 21.
15
Calculate the remainder when 272 is divided by 91.
90
Calculate the remainder when 135 is divided by 34.
33
What is the remainder when 118 is divided by 22?
8
Calculate the remainder when 652 is divided by 54.
4
What is the remainder when 135 is divided by 43?
6
Calculate the remainder when 659 is divided by 15.
14
Calculate the remainder when 235 is divided by 14.
11
What is the remainder when 998 is divided by 61?
22
Calculate the remainder when 4893 is divided by 34.
31
Calculate the remainder when 257 is divided by 10.
7
Calculate the remainder when 564 is divided by 7.
4
What is the remainder when 2106 is divided by 43?
42
What is the remainder when 1203 is divided by 18?
15
What is the remainder when 105 is divided by 54?
51
Calculate the remainder when 894 is divided by 63.
12
What is the remainder when 1119 is divided by 187?
184
What is the remainder when 2393 is divided by 18?
17
What is the remainder when 60 is divided by 16?
12
What is the remainder when 1074 is divided by 185?
149
What is the remainder when 228 is divided by 59?
51
What is the remainder when 1218 is divided by 102?
96
What is the remainder when 3339 is divided by 13?
11
What is the remainder when 817 is divided by 20?
17
What is the remainder when 768 is divided by 16?
0
What 